(base 6) to base 4.
20220
Convert 211 (base 7) to base 5.
411
What is -185 (base 16) in base 10?
-389
What is 230144 (base 5) in base 4?
1333232
Convert 606 (base 16) to base 6.
11050
What is -1030323 (base 4) in base 3?
-20202100
c6b (base 14) to base 4
212033
What is -d0a (base 16) in base 9?
-4518
3141 (base 10) to base 11
23a6
10525 (base 8) to base 4
1011111
What is -210232 (base 4) in base 5?
-33400
Convert -257 (base 12) to base 3.
-111011
1011001110000 (base 2) to base 16
1670
-7736 (base 14) to base 4
-11002110
Convert 318 (base 15) to base 8.
1272
What is -1033100 (base 4) in base 11?
-38a1
What is 132321 (base 4) in base 10?
1977
-243044 (base 6) to base 8
-51644
2365 (base 15) to base 12
4428
Convert a80 (base 11) to base 2.
10100010010
Convert 1302 (base 6) to base 2.
101000110
What is -111 (base 3) in base 9?
-14
-1b26 (base 13) to base 4
-333320
Convert 1987 (base 10) to base 13.
b9b
What is 344134 (base 5) in base 10?
12419
Convert 11220210 (base 3) to base 13.
182a
Convert 1000011100 (base 2) to base 12.
390
Convert 389 (base 11) to base 9.
561
What is -445 (base 13) in base 9?
-1004
What is 2628 (base 9) in base 11?
1531
What is -28 (base 10) in base 4?
-130
What is -11402 (base 5) in base 6?
-3540
-32495 (base 10) to base 6
-410235
What is 11011001100 (base 2) in base 9?
2343
Convert -13a6 (base 14) to base 7.
-13066
-19d (base 15) to base 12
-271
-21302 (base 5) to base 8
-2654
-33340 (base 7) to base 3
-102112101
What is 250 (base 16) in base 15?
297
Convert 17774 (base 8) to base 16.
1ffc
2414 (base 6) to base 16
24a
212000001 (base 3) to base 2
100000110000000
1550 (base 7) to base 14
327
Convert 3719 (base 11) to base 16.
12fc
What is -c6 (base 16) in base 13?
-123
What is -8807 (base 9) in base 11?
-4968
-100100000 (base 2) to base 16
-120
-2122 (base 4) to base 15
-a4
Convert 54241 (base 7) to base 4.
3103000
Convert -1100010100001001 (base 2) to base 14.
-1454d
What is -10231 (base 4) in base 11?
-254
Convert -11100221 (base 3) to base 15.
-e24
-1133331 (base 4) to base 14
-2349
-312333 (base 6) to base 8
-61141
What is -10210110 (base 3) in base 7?
-11031
-121004 (base 5) to base 4
-1012120
What is -15340 (base 9) in base 2?
-10100011110101
58a7 (base 11) to base 14
2b6c
Convert -30874 (base 10) to base 13.
-1108c
What is -17102 (base 8) in base 16?
-1e42
What is -222211020 (base 3) in base 12?
-b396
What is 220442 (base 7) in base 5?
2214032
-1038 (base 9) to base 3
-1001022
4440 (base 8) to base 13
10a9
-898 (base 12) to base 8
-2364
-1556 (base 11) to base 3
-2201222
What is 44102 (base 5) in base 6?
22003
Convert -1820 (base 14) to base 15.
-1445
What is 1001010111111 (base 2) in base 13?
2252
Convert -87ca (base 16) to base 12.
-1814a
Convert -18d (base 16) to base 3.
-112201
-21030 (base 4) to base 16
-24c
-111355 (base 6) to base 15
-2bdb
1d1 (base 16) to base 7
1233
-3be9 (base 16) to base 10
-15337
What is 70020 (base 8) in base 6?
340452
-14000 (base 5) to base 15
-500
Convert -738 (base 11) to base 7.
-2406
-2013 (base 7) to base 11
-583
Convert -2330 (base 5) to base 3.
-110121
-54104 (base 7) to base 8
-32166
What is 52423 (base 8) in base 6?
244455
What is -23444 (base 5) in base 8?
-3325
-55451 (base 6) to base 13
-36a0
Convert -2104203 (base 5) to base 11.
-24273
What is -43401 (base 6) in base 4?
-1131121
Convert -41245 (base 6) to base 13.
-2672
What is 29134 (base 10) in base 7?
150640
10012102 (base 3) to base 8
4435
-12211 (base 6) to base 5
-24212
Convert 2120212122 (base 3) to base 11.
352a9
What is 1222220122 (base 3) in base 16?
9986
-1473 (base 8) to base 14
-431
10655 (base 10) to base 13
4b08
Convert -1101100100 (base 2) to base 3.
-1012011
What is -20132 (base 9) in base 10?
-13232
24010 (base 5) to base 4
123123
What is 2350 (base 6) in base 15?
280
What is 102330 (base 4) in base 15?
55c
1014 (base 5) to base 14
98
-1150 (base 14) to base 7
-11530
Convert -51614 (base 7) to base 10.
-12653
Convert 120021 (base 3) to base 10.
412
What is 5a7a (base 12) in base 6?
115034
-82687 (base 9) to base 8
-152357
What is -567 (base 12) in base 9?
-1077
What is 103423 (base 7) in base 10?
18049
-543 (base 6) to base 5
-1312
What is -1350 (base 8) in base 7?
-2112
199 (base 16) to base 4
12121
What is 2333012 (base 4) in base 8?
27706
-42306 (base 7) to base 10
-10443
Convert -5ac (base 14) to base 4.
-101230
What is 14b (base 16) in base 12?
237
Convert -139 (base 12) to base 8.
-275
1099 (base 13) to base 16
913
Convert -1000101011101110 (base 2) to base 5.
-2114231
What is -13054 (base 6) in base 4?
-132322
Convert 111111 (base 2) to base 6.
143
What is -100010001 (base 2) in base 10?
-273
What is -1112112101 (base 3) in base 15?
-8e87
Convert -11200212 (base 3) to base 8.
-6541
-6426 (base 7) to base 5
-33044
What is 119 (base 15) in base 9?
306
What is 133223 (base 4) in base 12?
120b
-344 (base 16) to base 3
-1010222
27a (base 11) to base 12
235
What is -a09 (base 12) in base 10?
-1449
What is 2211011 (base 3) in base 6?
13304
-11531 (base 6) to base 10
-1711
Convert -1134 (base 8) to base 2.
-1001011100
What is 12837 (base 9) in base 10?
8701
-3048 (base 12) to base 6
-40132
What is 13c34 (base 15) in base 7?
353062
Convert -5480 (base 11) to base 2.
-1110000111011
Convert 10010101 (base 2) to base 10.
149
-11010101010100 (base 2) to base 4
-3111110
What is 14aa (base 16) in base 13?
253c
-155 (base 14) to base 11
-227
What is 6a3 (base 12) in base 4?
33123
What is 100000010110 (base 2) in base 4?
200112
Convert -41243 (base 6) to base 8.
-12573
-8470 (base 12) to base 2
-11100010010100
Convert a (base 11) to base 3.
101
What is -1402 (base 7) in base 5?
-4131
What is -305 (base 8) in base 7?
-401
What is 2765 (base 10) in base 16?
acd
-2100 (base 3) to base 13
-4b
9778 (base 10) to base 3
111102011
Convert -166 (base 16) to base 3.
-111021
What is -2a3 (base 15) in base 2?
-1001011011
What is -84a (base 15) in base 9?
-2507
0 (base 11) to base 7
0
Convert 2528 (base 11) to base 14.
12b7
Convert -42101 (base 5) to base 3.
-10210211
Convert -956 (base 12) to base 2.
-10101010010
Convert -111101000111010 (base 2) to base 3.
-1120220220
What is -21460 (base 7) in base 9?
-7341
166326 (base 7) to base 9
50773
-15221 (base 7) to base 14
-1781
Convert 7092 (base 10) to base 11.
5368
What is -502 (base 11) in base 3?
-211111
Convert -100000011001 (base 2) to base 4.
-200121
Convert -18886 (base 10) to base 3.
-221220111
46ab (base 15) to base 6
153255
What is -10010000010 (base 2) in base 3?
-1120202
24bb (base 15) to base 12
4642
36d (base 16) to base 8
1555
21324 (base 7) to base 9
7250
201 (base 15) to base 12
317
What is -150500 (base 6) in base 9?
-21720
Convert 14253 (base 6) to base 14.
b7b
-2e4 (base 15) to base 7
-1636
852 (base 9) to base 2
1010110111
What is -15570 (base 11) in base 3?
-1010011000
What is 240 (base 9) in base 7?
402
Convert 730 (base 15) to base 9.
2200
-1b85 (base 15) to base 8
-13527
6308 (base 12) to base 5
321213
What is -100111010111111 (base 2) in base 10?
-20159
What is -a72 (base 14) in base 10?
-2060
-3e5d (base 15) to base 6
-141511
What is 31420 (base 10) in base 4?
13222330
Convert -3aa (base 13) to base 4.
-22013
Convert 4a2a6 (base 11) to base 3.
10200002021
614b (base 12) to base 14
3bd1
-26904 (base 10) to base 16
-6918
Convert -20220 (base 4) to base 8.
-1050
Convert -122216 (base 7) to base 4.
-11132012
Convert -131000 (base 4) to base 2.
-11101000000
What is 1030300 (base 4) in base 12?
2a14
What is 656 (base 10) in base 4?
22100
What is 24042 (base 6) in base 3?
11202222
1130344 (base 5) to base 4
11003310
What is 2163 (base 12) in base 2?
111001011011
Convert -42145 (base 6) to base 8.
-13061
Convert -a214 (base 12) to base 4.
-10102300
What is -1012222 (base 3) in base 15?
-3e5
What is 4224 (base 6) in base 14?
4c0
Convert 3680 (base 9) to base 7.
11001
What is 16b66 (base 12) in base 3?
1122221120
Convert -6488 (base 9) to base 6.
-34042
What is 682 (base 15) in base 2?
10111000000
28162 (base 10) to base 14
a398
What is 1212 (base 3) in base 4?
302
-6966 (base 13) to base 5
-433122
719 (base 15) to base 14
823
What is 331 (base 12) in base 16?
1d5
Convert -270 (base 11) to base 15.
-164
202201202 (base 3) to base 11
1039a
What is 73c (base 14